n 17812 is divided by 3477?
427
Calculate the remainder when 14521 is divided by 1405.
471
Calculate the remainder when 97366 is divided by 825.
16
Calculate the remainder when 4623778 is divided by 2121.
2119
What is the remainder when 28021 is divided by 11668?
4685
Calculate the remainder when 9434775 is divided by 3144871.
162
Calculate the remainder when 4512586 is divided by 7163.
7059
Calculate the remainder when 597893 is divided by 592.
565
What is the remainder when 2925973 is divided by 1462640?
693
What is the remainder when 3966358 is divided by 861?
592
Calculate the remainder when 3031281 is divided by 2.
1
Calculate the remainder when 16395260 is divided by 1285.
1230
What is the remainder when 1576708 is divided by 17917?
12
Calculate the remainder when 33095223 is divided by 102.
99
What is the remainder when 18783704 is divided by 899?
897
Calculate the remainder when 12722163 is divided by 1262.
1203
What is the remainder when 1692186 is divided by 55?
1
Calculate the remainder when 1612805 is divided by 14.
5
What is the remainder when 193858 is divided by 21?
7
Calculate the remainder when 11423522 is divided by 68.
66
Calculate the remainder when 388245725 is divided by 82.
79
What is the remainder when 33042790 is divided by 4588?
14
Calculate the remainder when 23798148 is divided by 1439.
1405
Calculate the remainder when 1574 is divided by 1467.
107
What is the remainder when 36117403 is divided by 36117367?
36
What is the remainder when 59244 is divided by 4945?
4849
Calculate the remainder when 1217393 is divided by 67632.
17
Calculate the remainder when 4720975 is divided by 25794.
673
What is the remainder when 14087230 is divided by 888?
886
Calculate the remainder when 550797 is divided by 240.
237
Calculate the remainder when 2887365 is divided by 3950.
3865
What is the remainder when 367457 is divided by 203?
27
What is the remainder when 2890127 is divided by 233?
228
Calculate the remainder when 162084 is divided by 9004.
12
Calculate the remainder when 279865 is divided by 12637.
1851
What is the remainder when 44511356 is divided by 480?
476
What is the remainder when 1747851 is divided by 2142?
2121
Calculate the remainder when 688943 is divided by 2244.
35
Calculate the remainder when 8838787 is divided by 199.
3
What is the remainder when 8381053 is divided by 203?
198
Calculate the remainder when 1692475 is divided by 241780.
15
Calculate the remainder when 22744171 is divided by 419.
13
Calculate the remainder when 4902544 is divided by 3854.
256
Calculate the remainder when 134902 is divided by 44401.
1699
What is the remainder when 10270528 is divided by 68470?
28
What is the remainder when 1045847805 is divided by 1328?
1325
What is the remainder when 234869 is divided by 38598?
3281
Calculate the remainder when 564149 is divided by 1166.
971
Calculate the remainder when 650230 is divided by 5081.
4943
Calculate the remainder when 3997699 is divided by 16053.
502
Calculate the remainder when 125532 is divided by 8933.
470
What is the remainder when 932766 is divided by 58133?
2638
Calculate the remainder when 81604 is divided by 215.
119
Calculate the remainder when 120562 is divided by 2387.
1212
Calculate the remainder when 17721 is divided by 382.
149
What is the remainder when 178299 is divided by 177422?
877
What is the remainder when 126547 is divided by 229?
139
What is the remainder when 878644 is divided by 1882?
1632
Calculate the remainder when 2939184 is divided by 2939172.
12
What is the remainder when 6780463 is divided by 931?
921
Calculate the remainder when 2764 is divided by 1382.
0
What is the remainder when 6183685 is divided by 1494?
19
What is the remainder when 545898 is divided by 44?
34
Calculate the remainder when 5489 is divided by 5348.
141
Calculate the remainder when 1932918 is divided by 128861.
3
What is the remainder when 2770094 is divided by 98928?
110
Calculate the remainder when 1308552 is divided by 359.
356
Calculate the remainder when 293446 is divided by 293429.
17
What is the remainder when 3997407 is divided by 1111?
29
What is the remainder when 24283196 is divided by 2428319?
6
Calculate the remainder when 12415 is divided by 6142.
131
Calculate the remainder when 3093 is divided by 394.
335
What is the remainder when 17395 is divided by 46?
7
Calculate the remainder when 7986848 is divided by 1232.
1024
Calculate the remainder when 1041632 is divided by 1231.
206
Calculate the remainder when 502805 is divided by 50185.
955
Calculate the remainder when 126303856 is divided by 31.
29
What is the remainder when 2573652 is divided by 2895?
2892
Calculate the remainder when 649087 is divided by 108124.
343
What is the remainder when 63456845 is divided by 112?
109
Calculate the remainder when 480188 is divided by 962.
150
Calculate the remainder when 23489 is divided by 18738.
4751
Calculate the remainder when 116947 is divided by 787.
471
Calculate the remainder when 204068 is divided by 1925.
18
Calculate the remainder when 199666 is divided by 5549.
5451
What is the remainder when 40667014 is divided by 835?
9
Calculate the remainder when 57740416 is divided by 91.
6
What is the remainder when 127321 is divided by 220?
161
Calculate the remainder when 107383101 is divided by 12.
9
What is the remainder when 1309733 is divided by 577?
520
Calculate the remainder when 6163059 is divided by 6163044.
15
What is the remainder when 34851334 is divided by 568?
558
Calculate the remainder when 356139 is divided by 2525.
114
What is the remainder when 10001165 is divided by 1411?
1408
What is the remainder when 3877282 is divided by 2058?
10
What is the remainder when 5345735 is divided by 679?
647
What is the remainder when 257214 is divided by 79?
69
What is the remainder when 89335 is divided by 22157?
707
Calculate the remainder when 312264 is divided by 657.
189
What is the remainder when 310402 is divided by 3409?
183
Calculate the remainder when 263806 is divided by 278.
262
Calculate the remainder when 1487885 is divided by 2201.
9
What is the remainder when 11696608 is divided by 31108?
0
Calculate the remainder when 9046 is divided by 4458.
130
What is the remainder when 4569638 is divided by 97226?
16
What is the remainder when 3419 is divided by 2110?
1309
What is the remainder when 1647950 is divided by 2177?
2138
Calculate the remainder when 357076 is divided by 79.
75
Calculate the remainder when 8438 is divided by 3944.
550
Calculate the remainder when 69100942 is divided by 528.
526
What is the remainder when 11686 is divided by 5564?
558
Calculate the remainder when 1204361 is divided by 28.
25
What is the remainder when 2063337 is divided by 66?
45
Calculate the remainder when 278777 is divided by 63.
2
Calculate the remainder when 41126353 is divided by 53.
49
What is the remainder when 182309225 is divided by 277?
13
What is the remainder when 326444 is divided by 163196?
52
What is the remainder when 942741 is divided by 314236?
33
Calculate the remainder when 3528194 is divided by 7555.
9
What is the remainder when 51243010 is divided by 5124299?
20
Calculate the remainder when 2721603 is divided by 27214.
203
Calculate the remainder when 16857525 is divided by 355.
350
What is the remainder when 487117 is divided by 48681?
307
Calculate the remainder when 1787222 is divided by 171.
101
What is the remainder when 50706343 is divided by 3217?
3206
What is the remainder when 449784 is divided by 39?
36
What is the remainder when 3927895 is divided by 1263?
1228
Calculate the remainder when 646913496 is divided by 22.
20
Calculate the remainder when 384971158 is divided by 76.
74
What is the remainder when 22230259 is divided by 3513?
3508
What is the remainder when 182823 is divided by 47?
40
Calculate the remainder when 371654 is divided by 819.
647
Calculate the remainder when 24215924 is divided by 171744.
20
What is the remainder when 94820 is divided by 9792?
6692
Calculate the remainder when 2860317 is divided by 74.
69
What is the remainder when 7364334 is divided by 99518?
2
Calculate the remainder when 55348 is divided by 2510.
128
Calculate the remainder when 287230 is divided by 286890.
340
What is the remainder when 783519 is